8
What is -128 (base 9) in base 11?
-98
1450 (base 6) to base 8
606
Convert -121011 (base 3) to base 9.
-534
What is -11 (base 4) in base 8?
-5
9b (base 13) to base 15
88
What is -10212111 (base 3) in base 4?
-230011
Convert -1b51 (base 13) to base 5.
-112442
3338 (base 9) to base 7
10121
33a6 (base 13) to base 2
1110001000010
-14742 (base 9) to base 3
-111211102
-1111021222 (base 3) to base 6
-343555
Convert 22502 (base 6) to base 12.
1a32
Convert 22424 (base 5) to base 12.
b26
255 (base 13) to base 4
12120
Convert 3027 (base 8) to base 9.
2122
-21222 (base 4) to base 11
-512
Convert -1d04 (base 15) to base 8.
-14240
3000230 (base 4) to base 11
92a1
-4299 (base 12) to base 13
-343b
-1344 (base 5) to base 13
-143
Convert -1f2 (base 16) to base 11.
-413
Convert -16264 (base 12) to base 10.
-31468
Convert 3d35 (base 16) to base 2.
11110100110101
What is 5ad (base 14) in base 9?
1488
ca4 (base 14) to base 11
196a
1452 (base 16) to base 6
40030
What is 5161 (base 16) in base 7?
114511
What is 2 (base 13) in base 9?
2
400a (base 15) to base 12
799a
1305 (base 7) to base 14
275
What is 345304 (base 6) in base 9?
44664
Convert 92c (base 14) to base 15.
804
What is db5b (base 15) in base 9?
70625
What is 23000 (base 5) in base 13?
980
Convert -15f (base 16) to base 6.
-1343
What is a6 (base 14) in base 4?
2102
Convert -50 (base 9) to base 12.
-39
-29ac (base 15) to base 11
-6795
-10b0 (base 12) to base 14
-96c
11412 (base 6) to base 14
86c
Convert 4785 (base 9) to base 5.
103220
Convert -1000000110110000 (base 2) to base 7.
-165536
230 (base 15) to base 4
13233
43c4 (base 14) to base 11
88aa
What is 1a4 (base 11) in base 6?
1031
101220 (base 3) to base 10
294
What is -43 (base 8) in base 3?
-1022
Convert 974 (base 10) to base 6.
4302
What is -435 (base 6) in base 7?
-326
34032 (base 7) to base 14
31c2
Convert -1357 (base 14) to base 12.
-1b81
What is 7680 (base 11) in base 13?
47c4
Convert -17a1 (base 14) to base 4.
-1002201
-100010010 (base 2) to base 7
-541
Convert -592 (base 11) to base 2.
-1011000010
-101101000110001 (base 2) to base 7
-124213
Convert 6353 (base 13) to base 15.
4122
What is -113312 (base 4) in base 9?
-2075
Convert a566 (base 11) to base 13.
649c
Convert 4088 (base 11) to base 2.
1010100101100
-7e9 (base 15) to base 9
-2413
-104334 (base 6) to base 4
-2021002
Convert -2318 (base 11) to base 13.
-1502
3ec (base 16) to base 8
1754
Convert 41012 (base 7) to base 14.
38b2
-5481 (base 10) to base 13
-2658
What is 155a (base 15) in base 4?
1013221
What is -10930 (base 10) in base 9?
-15884
Convert -32202023 (base 4) to base 16.
-e88b
-63 (base 9) to base 7
-111
358 (base 13) to base 5
4310
Convert -18115 (base 11) to base 9.
-37781
-11415 (base 7) to base 14
-110c
Convert 111110 (base 2) to base 9.
68
Convert -6740 (base 13) to base 10.
-14417
a8a5 (base 12) to base 8
44175
What is 2001 (base 4) in base 7?
243
-3059 (base 12) to base 13
-2511
What is aa9a (base 11) in base 4?
3210211
3795 (base 10) to base 8
7323
Convert 2121002 (base 3) to base 10.
1892
Convert -778 (base 9) to base 7.
-1601
Convert 9208 (base 12) to base 2.
11110111101000
Convert 1301 (base 4) to base 13.
89
What is 6d4 (base 14) in base 16?
552
-462 (base 9) to base 4
-11330
Convert -1211 (base 11) to base 16.
-631
Convert -1012120022 (base 3) to base 14.
-891b
What is 1c0 (base 16) in base 7?
1210
What is 38 (base 14) in base 2?
110010
-225 (base 9) to base 12
-135
What is 1004 (base 8) in base 2?
1000000100
What is 34104 (base 6) in base 15?
1647
Convert 10000100 (base 2) to base 11.
110
Convert 56620 (base 7) to base 12.
8397
What is -8097 (base 14) in base 5?
-1201320
Convert 21420 (base 5) to base 12.
a39
What is 134340 (base 7) in base 2?
110001111010101
What is -22020 (base 4) in base 11?
-53a
Convert 51560 (base 7) to base 8.
30533
Convert -5067 (base 12) to base 8.
-21017
Convert 34234 (base 6) to base 8.
11356
53727 (base 8) to base 6
252035
Convert 111644 (base 7) to base 6.
232005
Convert -1101111010 (base 2) to base 4.
-31322
What is -1116 (base 13) in base 6?
-15013
-189 (base 10) to base 9
-230
5420 (base 15) to base 12
a379
-104363 (base 7) to base 9
-27172
What is -220333 (base 4) in base 10?
-2623
Convert -32455 (base 6) to base 5.
-120444
What is 37c1 (base 15) in base 14?
4489
What is -1140 (base 8) in base 2?
-1001100000
-1ab4 (base 13) to base 16
-fc2
1020 (base 6) to base 16
e4
What is a48 (base 14) in base 4?
133220
Convert 540 (base 6) to base 14.
108
-30215 (base 7) to base 11
-5549
What is 34 (base 13) in base 9?
47
What is 201211 (base 3) in base 14?
2a3
What is 15871 (base 9) in base 7?
43555
Convert 2319 (base 16) to base 15.
29e0
3349 (base 13) to base 3
100211011
What is -1c30 (base 14) in base 9?
-7038
Convert 1321545 (base 6) to base 3.
10201010202
110637 (base 8) to base 7
213454
1f45 (base 16) to base 14
2cbb
-233 (base 14) to base 2
-110110101
What is -64 (base 13) in base 11?
-75
-34a (base 11) to base 8
-641
1533 (base 6) to base 4
12201
Convert 32010111 (base 4) to base 2.
1110000100010101
-5776 (base 9) to base 13
-1c44
What is 420 (base 6) in base 15?
a6
44b (base 14) to base 15
3bb
200 (base 14) to base 6
1452
What is -de (base 16) in base 4?
-3132
Convert -1021122 (base 3) to base 11.
-780
-1342 (base 7) to base 4
-20020
-26210 (base 7) to base 13
-322a
321 (base 8) to base 11
180
What is 112100001 (base 3) in base 15?
316a
What is 20726 (base 9) in base 10?
13713
35a (base 12) to base 16
1f6
3073 (base 8) to base 2
11000111011
Convert -11001110111100 (base 2) to base 12.
-77b8
What is -1669 (base 10) in base 2?
-11010000101
305231 (base 6) to base 11
17452
What is -a16b (base 12) in base 13?
-7c79
What is 233262 (base 7) in base 14?
11432
Convert -359 (base 11) to base 15.
-1d7
222122 (base 3) to base 11
5a4
-3020 (base 7) to base 5
-13133
What is -10001101001 (base 2) in base 15?
-504
5013 (base 12) to base 10
8655
What is 1102222100 (base 3) in base 10?
28413
15611 (base 9) to base 6
121314
-25320 (base 6) to base 12
-2240
c33 (base 14) to base 4
211131
Convert 141 (base 16) to base 15.
166
5174 (base 12) to base 5
240442
What is -104 (base 10) in base 9?
-125
Convert 371 (base 13) to base 4.
21113
What is 409 (base 15) in base 10?
909
3433 (base 6) to base 14
421
What is -1576 (base 8) in base 12?
-626
What is -11302 (base 5) in base 15?
-3a2
Convert 1322 (base 5) to base 8.
324
Convert 555 (base 6) to base 10.
215
Convert b2c (base 16) to base 4.
230230
Convert 8530 (base 9) to base 14.
23d6
Convert -52 (base 9) to base 13.
-38
-11101100101011 (base 2) to base 10
-15147
What is 414 (base 6) in base 14?
b0
-34407 (base 10) to base 14
-c779
What is -261 (base 8) in base 13?
-108
Convert -d40 (base 15) to base 12.
-1889
What is 407 (base 11) in base 8?
753
-15 (base 11) to base 7
-22
Convert -2113322 (base 4) to base 5.
-302342
c87 (base 15) to base 16
b0b
-904 (base 10) to base 13
-547
1110101110 (base 2) to base 6
4210
What is 9627 (base 15) in base 6?
403014
Convert 313455 (base 6) to base 11.
18138
What is 110 (base 14) in base 9?
253
acb (base 15) to base 11
191a
-335 (base 13) to base 8
-1047
What is -4923 (base 10) in base 11?
-3776
What is -41232 (base 6) in base 9?
-7472
Convert 15430 (base 7) to base 6.
32021
188 (base 9) to base 12
115
What is 10100101111 (base 2) in base 4?
110233
What is -1321 (base 5) in base 12?
-157
3304341 (base 5) to base 13
1cb4a
1010110001111 (base 2) to base 13
2687
What is 100000101110001 (base 2) in base 13?
7819
Convert 665c (base 13) to base 8.
33701
What is -220120202 (base 3) in base 6?
-214545
Convert -1004 (base 10) to base 15.
-46e
What is -1356 (base 7) in base 5?
-4111
Convert -bbb (base 12) to base 2.
-11010111111
What is -2220110 (base 3) in base 4?
-201012
2361 (base 10) to base 9
3213
-1111011 (base 3) to base 6
-5004
Convert 110110111100101 (base 2) to base 7.
145010
35760 (base 8) to base 15
482e
What is 10000100111 (base 2) in base 12?
747
Convert -33360 (base 7) to base 4.
-2003211
What is 23013 (base 5) in base 16?
661
What is 292 (base 15) in base 9?
722
Convert 10031 (base 7) to base 14.
c51
What is 1307 (base 11) in base 2?
11010100101
Convert 34561 (base 7) to base 12.
5167
-374 (base 8) to base 15
-11c
What is -3024234 (base 5) in base 10?
-48694
Convert 